the greatest common factor of 745 and 298?
149
Calculate the highest common factor of 104 and 56.
8
What is the greatest common divisor of 4 and 49?
1
Calculate the greatest common divisor of 204 and 1173.
51
What is the greatest common factor of 7 and 1232?
7
What is the highest common divisor of 13 and 1807?
13
What is the greatest common factor of 675 and 27?
27
What is the greatest common divisor of 1547 and 476?
119
Calculate the highest common divisor of 220 and 132.
44
What is the highest common divisor of 24 and 324?
12
Calculate the highest common divisor of 33 and 2651.
11
What is the highest common factor of 685 and 10?
5
What is the greatest common divisor of 279 and 403?
31
Calculate the greatest common divisor of 352 and 22.
22
Calculate the highest common divisor of 6 and 2430.
6
What is the highest common divisor of 867 and 1224?
51
What is the highest common factor of 27 and 7101?
27
Calculate the highest common divisor of 14 and 847.
7
Calculate the greatest common factor of 47 and 2.
1
What is the highest common divisor of 18 and 33?
3
What is the highest common divisor of 9898 and 98?
98
What is the highest common factor of 380 and 620?
20
Calculate the highest common factor of 45 and 95.
5
Calculate the highest common divisor of 4774 and 28.
14
What is the greatest common factor of 140 and 2135?
35
What is the greatest common factor of 22465 and 10?
5
Calculate the greatest common divisor of 12 and 588.
12
What is the highest common divisor of 476 and 884?
68
Calculate the highest common divisor of 25472 and 128.
128
What is the greatest common factor of 578 and 102?
34
What is the greatest common factor of 1666 and 14?
14
Calculate the greatest common divisor of 1104 and 1725.
69
What is the highest common divisor of 121 and 33?
11
Calculate the greatest common divisor of 201 and 31356.
201
Calculate the greatest common divisor of 782 and 102.
34
Calculate the highest common divisor of 840 and 1176.
168
Calculate the greatest common factor of 165 and 12815.
55
What is the highest common factor of 28 and 12?
4
What is the highest common factor of 57 and 19?
19
Calculate the highest common divisor of 96 and 160.
32
What is the highest common divisor of 44 and 16?
4
What is the greatest common divisor of 136 and 64?
8
Calculate the highest common divisor of 243 and 12.
3
What is the greatest common divisor of 488 and 61?
61
Calculate the greatest common divisor of 5973 and 88.
11
What is the greatest common factor of 20 and 30?
10
Calculate the highest common divisor of 60 and 810.
30
What is the greatest common divisor of 676 and 1261?
13
Calculate the highest common divisor of 975 and 375.
75
What is the greatest common divisor of 11 and 2981?
11
What is the greatest common divisor of 33 and 1463?
11
Calculate the greatest common divisor of 57 and 9291.
57
What is the greatest common divisor of 84 and 44142?
42
Calculate the greatest common factor of 400 and 16.
16
What is the highest common factor of 12 and 108?
12
What is the highest common factor of 14 and 1253?
7
Calculate the greatest common factor of 8 and 216.
8
What is the highest common factor of 75 and 55425?
75
What is the greatest common divisor of 300 and 12?
12
What is the greatest common divisor of 142 and 355?
71
What is the greatest common divisor of 6368 and 24?
8
What is the highest common divisor of 39 and 832?
13
What is the greatest common divisor of 5160 and 54?
6
Calculate the highest common divisor of 645 and 1720.
215
Calculate the highest common factor of 43755 and 15.
15
Calculate the greatest common divisor of 1664 and 104.
104
Calculate the highest common factor of 598 and 65.
13
Calculate the highest common factor of 105 and 399.
21
What is the greatest common divisor of 132 and 3894?
66
What is the highest common factor of 2835 and 1050?
105
Calculate the highest common divisor of 2139 and 69.
69
Calculate the greatest common divisor of 260 and 65.
65
What is the greatest common divisor of 488 and 183?
61
Calculate the greatest common factor of 784 and 98.
98
What is the highest common divisor of 68 and 5848?
68
Calculate the highest common factor of 510 and 30.
30
What is the greatest common factor of 1472 and 46?
46
Calculate the highest common divisor of 891 and 22.
11
What is the highest common divisor of 46 and 106?
2
What is the highest common factor of 8 and 240?
8
Calculate the greatest common factor of 1 and 601.
1
What is the greatest common factor of 143 and 7205?
11
Calculate the highest common factor of 3056 and 80.
16
What is the highest common factor of 374 and 330?
22
Calculate the greatest common divisor of 40 and 56.
8
Calculate the highest common divisor of 68 and 578.
34
Calculate the greatest common factor of 580 and 5.
5
Calculate the greatest common factor of 60 and 24.
12
Calculate the highest common divisor of 1492 and 8.
4
Calculate the highest common divisor of 25 and 5000.
25
What is the highest common divisor of 1207 and 71?
71
What is the highest common divisor of 380 and 20?
20
Calculate the highest common factor of 10995 and 60.
15
What is the highest common factor of 216 and 72?
72
Calculate the highest common divisor of 3 and 69.
3
What is the highest common divisor of 1273 and 469?
67
Calculate the highest common divisor of 12 and 354.
6
What is the highest common factor of 40 and 120?
40
What is the highest common divisor of 5131 and 7?
7
What is the highest common factor of 159 and 4929?
159
Calculate the greatest common divisor of 20 and 20.
20
Calculate the greatest common factor of 7033 and 26.
13
Calculate the greatest common divisor of 6853 and 693.
77
Calculate the highest common divisor of 1809 and 486.
27
Calculate the greatest common divisor of 25 and 5.
5
Calculate the highest common divisor of 13122 and 18.
18
Calculate the highest common factor of 3 and 287.
1
What is the greatest common divisor of 1095 and 1875?
15
Calculate the greatest common divisor of 48 and 18.
6
Calculate the highest common divisor of 4181 and 113.
113
Calculate the highest common factor of 235 and 775.
5
Calculate the highest common factor of 688 and 301.
43
What is the greatest common divisor of 34 and 5746?
34
Calculate the highest common divisor of 76 and 82.
2
Calculate the greatest common divisor of 228 and 34580.
76
Calculate the greatest common factor of 1 and 25.
1
Calculate the greatest common divisor of 10 and 470.
10
Calculate the highest common factor of 231 and 42.
21
What is the highest common divisor of 17 and 85?
17
Calculate the highest common divisor of 352 and 640.
32
What is the highest common factor of 27 and 93?
3
What is the highest common factor of 393 and 2227?
131
What is the highest common divisor of 32 and 232?
8
Calculate the highest common factor of 5775 and 1617.
231
Calculate the highest common factor of 512 and 640.
128
Calculate the highest common divisor of 2577 and 6.
3
What is the highest common factor of 1624 and 112?
56
What is the greatest common divisor of 6 and 410?
2
Calculate the greatest common factor of 80 and 1872.
16
Calculate the greatest common divisor of 972 and 708.
12
Calculate the greatest common factor of 261 and 45.
9
What is the highest common divisor of 22 and 9185?
11
Calculate the greatest common divisor of 516 and 12.
12
Calculate the highest common factor of 144 and 80.
16
What is the greatest common divisor of 117 and 26?
13
Calculate the highest common divisor of 300 and 270.
30
What is the highest common divisor of 29 and 18?
1
What is the greatest common divisor of 12 and 301?
1
What is the highest common divisor of 69 and 123?
3
What is the highest common divisor of 78 and 2496?
78
Calculate the greatest common divisor of 30 and 30.
30
What is the highest common divisor of 231 and 105?
21
What is the greatest common divisor of 1 and 19?
1
Calculate the highest common divisor of 136 and 672.
8
Calculate the highest common divisor of 48 and 400.
16
What is the greatest common factor of 70 and 1757?
7
Calculate the highest common factor of 30 and 183.
3
What is the greatest common divisor of 7 and 4907?
7
What is the highest common divisor of 418 and 1694?
22
What is the greatest common factor of 26 and 10?
2
What is the highest common divisor of 19 a